y y.
2
Let c = 278 - 264. What is the remainder when c/(-3)*2/(4/(-150)) is divided by 39?
38
Suppose -37 = -4*l - 25. Suppose -8 = -v - l. Suppose v*w = 187 + 3. What is the remainder when w is divided by 5?
3
Let i be (-2180)/(-35) + 4/(-14). Let f = -46 + i. What is the remainder when (14 - 13)*(f + 1) is divided by 10?
7
Let y = 1736 - 1656. Calculate the remainder when 105 is divided by y.
25
Let v = -511 + 549. Let f = v + 187. What is the remainder when f is divided by 76?
73
Suppose 0 = -3*o + 10 + 59. What is the remainder when 0 + 67 - 6/(36/30) is divided by o?
16
Suppose -44*x + 12*x = -17*x - 5760. Calculate the remainder when x is divided by 289.
95
Let n = -4750 + 4785. Calculate the remainder when 2238 is divided by n.
33
Suppose 0 = -13443*z + 13428*z + 1350. Calculate the remainder when 622 is divided by z.
82
What is the remainder when (-4)/(-6)*((-171974)/(-44) - 22) is divided by 18?
17
Let z = -2111 + 2206. What is the remainder when z is divided by 26?
17
What is the remainder when 1606 is divided by ((-4260)/(-63) - (-24)/(-84))/(12/18)?
91
Suppose 12 = 4*v - 64. Let m(s) = 2*s**2 + 6*s + 30. Let o be m(7). Suppose -8*w + o = 9*w. What is the remainder when v is divided by w?
9
Let q(m) = 13*m**2 - 14*m - 3. What is the remainder when q(-16) is divided by 96?
93
Let v(p) = 6*p**2 + 2*p + 1. Let q(a) = a**2 - a + 14. Let y be q(5). Let g = y - 32. Calculate the remainder when v(g) is divided by 6.
5
Let d = -274 - -307. Suppose -d*j = -47*j + 126. Calculate the remainder when j is divided by 9.
0
Suppose 13*k - 3940 = 3951 - 494. What is the remainder when k is divided by 2?
1
Suppose 6*y - 528 - 414 = 0. Let h = y - 88. Let u = -163 - -198. What is the remainder when h is divided by u?
34
Let n be (-12)/(-2) - (1 + 0). Let v be 5/((1 + -6)/(-5)). Suppose v*k - 166 = -3*a, 0 = n*k - 4*a + 8*a - 163. Calculate the remainder when k is divided by 13.
9
Calculate the remainder when (-1500)/14*(63/14 + -8) is divided by 127.
121
Calculate the remainder when 636 is divided by (105/(-4))/(401/(-4812)).
6
Suppose -19*a - 261 - 43 = 0. Let f = 41 + a. Calculate the remainder when 49 is divided by f.
24
Suppose -2*l + 5*r = -10 - 21, 3*l + 2*r - 37 = 0. Let y(p) = 7*p - l*p - 7*p**2 + p**3 - 4 + 9*p + 0*p**3. Calculate the remainder when 184 is divided by y(7).
14
Suppose 3 = -4*g + 15, 2*n + 6*g - 116 = 0. Calculate the remainder when 380 is divided by n.
37
Suppose -120*t = -105*t - 225. Calculate the remainder when 413 is divided by t.
8
Suppose -94*v + 4000 = 56*v + 50*v. Calculate the remainder when 1939 is divided by v.
19
Suppose t = 5*t - 244. Suppose 72 + 0 = 3*m + 4*z, 0 = -2*z. Calculate the remainder when t is divided by (m/(-10))/((-24)/80).
5
Suppose 0 = -5*r - 20, -3*f - r + 549441 = 2*f. Let g be 2/(-9) + f/117. Calculate the remainder when (-2)/(-5 + g/189) is divided by 13.
11
Let b be ((-5)/(-2) - 2)*12. Let a(o) = o - 9*o - 11*o + 16 + 4*o + 3*o**2. What is the remainder when a(b) is divided by 3?
1
Let s = 99 + -55. Suppose 10*t + 16 = u + 11*t, 3*t = -4*u + 63. What is the remainder when s is divided by u?
14
Suppose -5*y = -3*o - 2*o - 45, 3*y - 2*o = 29. Suppose 36*k - 21*k - 7992 + 2397 = 0. What is the remainder when k is divided by y?
10
Calculate the remainder when 237 + 1/(0 + 1) is divided by (1/(-2))/((-746)/3730 + 19/120).
10
Calculate the remainder when 33/((-2178)/(-454668)) + 1/11 is divided by 13.
12
Suppose -10*m = -15*m + 920. Suppose y = j - 42, -12 = 4*j - 2*y - m. What is the remainder when (1 - -12)*-1*-10 is divided by j?
42
What is the remainder when 792 is divided by (2976/(-155) + 20)/((-2)/(-1910))?
28
Suppose 2*i - 93 = 6*i - 3*u, -4*i - 5*u - 101 = 0. Let v = i + 23. Calculate the remainder when 39 is divided by 17 - (1*v - (14 + -17)).
9
Let o = 136 - 126. Suppose 3*w = -2*u - w + 10, -2*u = -w - o. Calculate the remainder when 24 is divided by u.
4
Let v = 137 - 133. What is the remainder when 52 - 2 - v - 10/5 is divided by 21?
2
Suppose -3*x + 1232 = -g, 4*g - 4 = 12. Let y = x - 394. What is the remainder when 103 is divided by y?
13
Let g(k) = -4*k**3 - 14*k**2 + 86*k + 1. What is the remainder when g(-7) is divided by 8?
5
Let q be (-35)/42*-2 + (-1)/(-3). Suppose 0 = 4*h + q - 6, -2*w + 4*h = -30. What is the remainder when w is divided by 1?
0
Suppose -a = -5*a + 3*i - 2, 3*a + 7 = 5*i. Let s = 226 - -234. Let c = s - 459. What is the remainder when a is divided by c?
0
Let v(o) = -3*o**3 - 2*o**2 + 27*o + 51. Let g(z) = 5*z**2 + z + 2. Calculate the remainder when g(3) is divided by v(-2).
11
Let u be (-2004)/(-7) - 4/14. Calculate the remainder when (u - -11)*(-6)/(-9) is divided by 50.
48
Let n = 12670 - 12657. Suppose -4*u = -5*u + 25. Suppose -21 = -2*d + u. What is the remainder when d is divided by n?
10
Suppose 25*y - 3997 = 1403. What is the remainder when y is divided by 7?
6
Suppose -19*v + 748 - 33484 = -67*v. Calculate the remainder when v is divided by 198.
88
Suppose 0 = -2*f - 16*f + 6*f + 28728. What is the remainder when f is divided by 89?
80
Let k(g) be the second derivative of -g**3/2 - 29*g**2/2 - 34*g. Let q be k(-11). Calculate the remainder when q - (-2 + -2 - 79) is divided by 13.
9
Let k(c) = -2*c**3 + 37*c**2 - 33*c + 186. Calculate the remainder when 1647 is divided by k(11).
9
Suppose -4*j - h + 3*h + 3234 = 0, -4*j = -h - 3235. What is the remainder when j is divided by 1392/112*(-14)/(-3)?
55
Let f(w) = 324*w**2 + 47*w + 226. Calculate the remainder when f(-5) is divided by 17.
16
What is the remainder when 3310/4 - (-12 - (-203)/14) is divided by 59?
58
Suppose 4*n - 9*n + 3*v = 48, 3*v + 48 = -3*n. Calculate the remainder when 20 is divided by 2*(-51)/n - 2/4.
4
Suppose 69*a + 112303 - 974872 = 0. What is the remainder when a is divided by 47?
46
Let p = 9445 + -9106. Calculate the remainder when p is divided by 19.
16
Let l(g) = -8*g - 63. Let o be l(-6). Calculate the remainder when o/20 + 3055/20 is divided by 26.
22
Suppose -2*m + 19 = -43. Suppose 0 = -2*l - 4*b - 5 + 61, -l - b = -m. Suppose 42 + l = 4*i. What is the remainder when i is divided by 10?
9
Suppose -51*v - 2928 = -234*v. What is the remainder when 478 is divided by v?
14
Let b = 191 - 221. Calculate the remainder when 244 is divided by (2/5)/(b/(-6150)).
80
Let i be (-52)/(105/18 - 6). Let j = i - 303. What is the remainder when 268 is divided by j?
7
Suppose -2216 - 187 = -6*k - 3*k. What is the remainder when 9077 is divided by k?
266
Let y(o) = -11*o + 26. Let c be (1 - 26)*38/95. Let a be y(c). Let d = a - 70. What is the remainder when d is divided by 10?
6
Suppose g + 85*m - 330 = 81*m, -3*g = m - 957. Calculate the remainder when g is divided by 5.
3
What is the remainder when 124 is divided by (-9072)/243*12/(-14)?
28
Suppose -17*l = -25 - 26. Let i(w) = w**2 + w. Let t be i(-2). Suppose o + t*j = -0*j + 17, 3*j = l*o - 33. Calculate the remainder when 63 is divided by o.
11
Let c(p) = -p**2 - 12*p - 11. What is the remainder when c(-10) is divided by -2 - (-4 + -2) - (14 + (-176)/11)?
3
Suppose -2*d - 4*r = -152, 4*d = -2*r + 5*r + 260. What is the remainder when 1151 is divided by d?
63
Let l(v) = -4523*v + 4*v**2 - 4524*v + 9042*v + 99 - 5*v**2. What is the remainder when ((-76)/6)/((-2)/15) is divided by l(-11)?
29
Suppose 29*t - 8272 = 4285. Suppose 9*s - 359 + 152 = 0. What is the remainder when t is divided by s?
19
Let b be (215/20)/((-5)/40). Let a = -69 - b. What is the remainder when 61 is divided by a?
10
Let n(u) = -u**3 - 17*u**2 + 0*u**3 + 0*u**3 + 2*u + 35*u**2 - 15. Calculate the remainder when n(18) is divided by 10.
1
Let k = -141 - -146. Suppose 0 = k*v + 3*m - m - 496, -208 = -2*v + 4*m. Calculate the remainder when v is divided by 52.
48
Let c(f) = 10*f - 5. Let j be c(2). Suppose 20 + 70 = j*i. What is the remainder when 20 is divided by i?
2
Suppose 6687 + 1239 = 6*t. What is the remainder when t is divided by 13?
8
Let k = 14653 - 14594. What is the remainder when 1293 is divided by k?
54
Let t = 115 - 233. Let c = -69 - t. Calculate the remainder when c is divided by (-2)/(-9) + (-480)/(-27).
13
Let u = -48 - -59. Let y = u + -7. Suppose y*a - 30 = 2*z, -5*a + 2*a - z = -35. Calculate the remainder when 35 is divided by a.
5
Let s = 